{"id":3109,"date":"2024-08-16T08:58:44","date_gmt":"2024-08-16T11:58:44","guid":{"rendered":"https:\/\/www.lojadacentral.com.br\/?post_type=product&#038;p=3109"},"modified":"2026-02-26T15:41:15","modified_gmt":"2026-02-26T18:41:15","slug":"abs-dupla-camada","status":"publish","type":"product","link":"https:\/\/www.lojadacentral.com.br\/?product=abs-dupla-camada","title":{"rendered":"ABS Dupla Camada"},"content":{"rendered":"","protected":false},"excerpt":{"rendered":"<p>ATEN\u00c7\u00c3O:<br \/>\nAs cores est\u00e3o apenas exemplificadas, podendo variar de acordo com as configura\u00e7\u00f5es de sua tela\/monitor.<br \/>\nH\u00e1 cores transparentes e leitosas\/opacas. Em caso de d\u00favidas, consulte um vendedor(a).<\/p>\n<p>SELECIONE AS CORES ESCOLHIDAS NAS BARRAS DE SELE\u00c7\u00c3O ANTES DE ADICIONAR AO CARRINHO.<\/p>\n[modula id=\"3160\"]\n<p><strong>01 Chapa, 02 Cores, V\u00e1rios Projetos!<\/strong><\/p>\n<p>As Chapas de ABS possuem duas camadas com cores diferentes. Durante a grava\u00e7\u00e3o, a camada frontal \u00e9 desgastada, revelando a cor de fundo. Assim voc\u00ea pode usar sua imagina\u00e7\u00e3o para criar pe\u00e7as de 02 cores utilizando 01 Chapa s\u00f3!<\/p>\n<div class=\"elementor-element elementor-element-afb5430 elementor-widget elementor-widget-text-editor\" data-id=\"afb5430\" data-element_type=\"widget\" data-widget_type=\"text-editor.default\">\n<div class=\"elementor-widget-container\">\n<p>O ABS dupla camada \u00e9 um material resultante da mistura de componentes como Acr\u00edlico e Aditivos. Desenvolvido para o mercado de corte a laser, \u00e9 leve e resistente, o que o torna ainda mais vers\u00e1til. Al\u00e9m disso, pode ser utilizado em ambiente interno e externo.<\/p>\n<\/div>\n<\/div>\n<div class=\"elementor-element elementor-element-d585072 elementor-widget elementor-widget-text-editor\" data-id=\"d585072\" data-element_type=\"widget\" data-widget_type=\"text-editor.default\">\n<div class=\"elementor-widget-container\">\n<ul>\n<li>As Chapas de ABS podem ser cortadas e gravadas em laser, fiber e router.<\/li>\n<\/ul>\n<\/div>\n<\/div>\n<div class=\"elementor-element elementor-element-010407f elementor-widget elementor-widget-text-editor\" data-id=\"010407f\" data-element_type=\"widget\" data-widget_type=\"text-editor.default\">\n<div class=\"elementor-widget-container\">\n<p>PARA GRAVAR O ABS \u00c9 NECESS\u00c1RIO REMOVER A PEL\u00cdCULA ANTES.<\/p>\n<\/div>\n<\/div>\n<p>&nbsp;<\/p>\n<p><strong>Medida da Chapa<\/strong>: 1200x600mm &#8211; Espessura 1,3mm.<br \/>\nIMPORTANTE: Para evitar quebras no envio, a Chapa ir\u00e1 cortada em 03 (tr\u00eas) partes iguais de 400x600mm.<\/p>\n<div class=\"elementor-element elementor-element-010407f elementor-widget elementor-widget-text-editor\" data-id=\"010407f\" data-element_type=\"widget\" data-widget_type=\"text-editor.default\">\n<div class=\"elementor-widget-container\">\n<p>&nbsp;<\/p>\n<p>Com o diferencial da dupla camada, as possibilidades de cria\u00e7\u00e3o com as nossas Chapas de ABS s\u00e3o infinitas!!!<\/p>\n<p><strong>Explore sua criatividade com nossas Chapas de ABS!<\/strong><\/p>\n<\/div>\n<\/div>\n","protected":false},"featured_media":5717,"template":"","meta":[],"product_brand":[],"product_cat":[130],"product_tag":[],"class_list":{"0":"post-3109","1":"product","2":"type-product","3":"status-publish","4":"has-post-thumbnail","6":"product_cat-abs","8":"first","9":"instock","10":"taxable","11":"shipping-taxable","12":"purchasable","13":"product-type-variable"},"yoast_head":"<!-- This site is optimized with the Yoast SEO plugin v27.5 - https:\/\/yoast.com\/product\/yoast-seo-wordpress\/ -->\n<title>ABS Dupla Camada - Loja da Central<\/title>\n<meta name=\"robots\" content=\"index, follow, max-snippet:-1, max-image-preview:large, max-video-preview:-1\" \/>\n<link rel=\"canonical\" href=\"https:\/\/www.lojadacentral.com.br\/?product=abs-dupla-camada\" \/>\n<meta property=\"og:locale\" content=\"pt_BR\" \/>\n<meta property=\"og:type\" content=\"article\" \/>\n<meta property=\"og:title\" content=\"ABS Dupla Camada - Loja da Central\" \/>\n<meta property=\"og:description\" content=\"ATEN\u00c7\u00c3O: As cores est\u00e3o apenas exemplificadas, podendo variar de acordo com as configura\u00e7\u00f5es de sua tela\/monitor. H\u00e1 cores transparentes e leitosas\/opacas. Em caso de d\u00favidas, consulte um vendedor(a).  SELECIONE AS CORES ESCOLHIDAS NAS BARRAS DE SELE\u00c7\u00c3O ANTES DE ADICIONAR AO CARRINHO.    01 Chapa, 02 Cores, V\u00e1rios Projetos!  As Chapas de ABS possuem duas camadas com cores diferentes. Durante a grava\u00e7\u00e3o, a camada frontal \u00e9 desgastada, revelando a cor de fundo. Assim voc\u00ea pode usar sua imagina\u00e7\u00e3o para criar pe\u00e7as de 02 cores utilizando 01 Chapa s\u00f3!    O ABS dupla camada \u00e9 um material resultante da mistura de componentes como Acr\u00edlico e Aditivos. Desenvolvido para o mercado de corte a laser, \u00e9 leve e resistente, o que o torna ainda mais vers\u00e1til. Al\u00e9m disso, pode ser utilizado em ambiente interno e externo.        As Chapas de ABS podem ser cortadas e gravadas em laser, fiber e router.       PARA GRAVAR O ABS \u00c9 NECESS\u00c1RIO REMOVER A PEL\u00cdCULA ANTES.    &nbsp;  Medida da Chapa: 1200x600mm - Espessura 1,3mm. IMPORTANTE: Para evitar quebras no envio, a Chapa ir\u00e1 cortada em 03 (tr\u00eas) partes iguais de 400x600mm.    &nbsp;  Com o diferencial da dupla camada, as possibilidades de cria\u00e7\u00e3o com as nossas Chapas de ABS s\u00e3o infinitas!!!  Explore sua criatividade com nossas Chapas de ABS!\" \/>\n<meta property=\"og:url\" content=\"https:\/\/www.lojadacentral.com.br\/?product=abs-dupla-camada\" \/>\n<meta property=\"og:site_name\" content=\"Loja da Central\" \/>\n<meta property=\"article:modified_time\" content=\"2026-02-26T18:41:15+00:00\" \/>\n<meta property=\"og:image\" content=\"https:\/\/www.lojadacentral.com.br\/wp-content\/uploads\/2024\/10\/ABS-05-Central-do-Acrilico.png\" \/>\n\t<meta property=\"og:image:width\" content=\"1080\" \/>\n\t<meta property=\"og:image:height\" content=\"1349\" \/>\n\t<meta property=\"og:image:type\" content=\"image\/png\" \/>\n<meta name=\"twitter:card\" content=\"summary_large_image\" \/>\n<meta name=\"twitter:label1\" content=\"Est. tempo de leitura\" \/>\n\t<meta name=\"twitter:data1\" content=\"1 minuto\" \/>\n<script type=\"application\/ld+json\" class=\"yoast-schema-graph\">{\"@context\":\"https:\\\/\\\/schema.org\",\"@graph\":[{\"@type\":\"WebPage\",\"@id\":\"https:\\\/\\\/www.lojadacentral.com.br\\\/?product=abs-dupla-camada\",\"url\":\"https:\\\/\\\/www.lojadacentral.com.br\\\/?product=abs-dupla-camada\",\"name\":\"ABS Dupla Camada - Loja da Central\",\"isPartOf\":{\"@id\":\"https:\\\/\\\/www.lojadacentral.com.br\\\/#website\"},\"primaryImageOfPage\":{\"@id\":\"https:\\\/\\\/www.lojadacentral.com.br\\\/?product=abs-dupla-camada#primaryimage\"},\"image\":{\"@id\":\"https:\\\/\\\/www.lojadacentral.com.br\\\/?product=abs-dupla-camada#primaryimage\"},\"thumbnailUrl\":\"https:\\\/\\\/www.lojadacentral.com.br\\\/wp-content\\\/uploads\\\/2024\\\/10\\\/ABS-05-Central-do-Acrilico.png\",\"datePublished\":\"2024-08-16T11:58:44+00:00\",\"dateModified\":\"2026-02-26T18:41:15+00:00\",\"breadcrumb\":{\"@id\":\"https:\\\/\\\/www.lojadacentral.com.br\\\/?product=abs-dupla-camada#breadcrumb\"},\"inLanguage\":\"pt-BR\",\"potentialAction\":[{\"@type\":\"ReadAction\",\"target\":[\"https:\\\/\\\/www.lojadacentral.com.br\\\/?product=abs-dupla-camada\"]}]},{\"@type\":\"ImageObject\",\"inLanguage\":\"pt-BR\",\"@id\":\"https:\\\/\\\/www.lojadacentral.com.br\\\/?product=abs-dupla-camada#primaryimage\",\"url\":\"https:\\\/\\\/www.lojadacentral.com.br\\\/wp-content\\\/uploads\\\/2024\\\/10\\\/ABS-05-Central-do-Acrilico.png\",\"contentUrl\":\"https:\\\/\\\/www.lojadacentral.com.br\\\/wp-content\\\/uploads\\\/2024\\\/10\\\/ABS-05-Central-do-Acrilico.png\",\"width\":1080,\"height\":1349},{\"@type\":\"BreadcrumbList\",\"@id\":\"https:\\\/\\\/www.lojadacentral.com.br\\\/?product=abs-dupla-camada#breadcrumb\",\"itemListElement\":[{\"@type\":\"ListItem\",\"position\":1,\"name\":\"In\u00edcio\",\"item\":\"https:\\\/\\\/www.lojadacentral.com.br\\\/\"},{\"@type\":\"ListItem\",\"position\":2,\"name\":\"Home\",\"item\":\"https:\\\/\\\/www.lojadacentral.com.br\\\/\"},{\"@type\":\"ListItem\",\"position\":3,\"name\":\"ABS Dupla Camada\"}]},{\"@type\":\"WebSite\",\"@id\":\"https:\\\/\\\/www.lojadacentral.com.br\\\/#website\",\"url\":\"https:\\\/\\\/www.lojadacentral.com.br\\\/\",\"name\":\"Loja da Central =)\",\"description\":\"Os materiais da Central Do Acr\u00edlico que voc\u00ea j\u00e1 conhece e confia agora dispon\u00edveis online na loja da Central. Compre e receba em sua casa!\",\"publisher\":{\"@id\":\"https:\\\/\\\/www.lojadacentral.com.br\\\/#organization\"},\"potentialAction\":[{\"@type\":\"SearchAction\",\"target\":{\"@type\":\"EntryPoint\",\"urlTemplate\":\"https:\\\/\\\/www.lojadacentral.com.br\\\/?s={search_term_string}\"},\"query-input\":{\"@type\":\"PropertyValueSpecification\",\"valueRequired\":true,\"valueName\":\"search_term_string\"}}],\"inLanguage\":\"pt-BR\"},{\"@type\":\"Organization\",\"@id\":\"https:\\\/\\\/www.lojadacentral.com.br\\\/#organization\",\"name\":\"Central Do Acr\u00edlico\",\"url\":\"https:\\\/\\\/www.lojadacentral.com.br\\\/\",\"logo\":{\"@type\":\"ImageObject\",\"inLanguage\":\"pt-BR\",\"@id\":\"https:\\\/\\\/www.lojadacentral.com.br\\\/#\\\/schema\\\/logo\\\/image\\\/\",\"url\":\"https:\\\/\\\/www.lojadacentral.com.br\\\/wp-content\\\/uploads\\\/2024\\\/02\\\/Logo-Central-PNG.png\",\"contentUrl\":\"https:\\\/\\\/www.lojadacentral.com.br\\\/wp-content\\\/uploads\\\/2024\\\/02\\\/Logo-Central-PNG.png\",\"width\":3891,\"height\":700,\"caption\":\"Central Do Acr\u00edlico\"},\"image\":{\"@id\":\"https:\\\/\\\/www.lojadacentral.com.br\\\/#\\\/schema\\\/logo\\\/image\\\/\"},\"sameAs\":[\"https:\\\/\\\/www.instagram.com\\\/centraldoacrilico\\\/\"]}]}<\/script>\n<!-- \/ Yoast SEO plugin. -->","yoast_head_json":{"title":"ABS Dupla Camada - Loja da Central","robots":{"index":"index","follow":"follow","max-snippet":"max-snippet:-1","max-image-preview":"max-image-preview:large","max-video-preview":"max-video-preview:-1"},"canonical":"https:\/\/www.lojadacentral.com.br\/?product=abs-dupla-camada","og_locale":"pt_BR","og_type":"article","og_title":"ABS Dupla Camada - Loja da Central","og_description":"ATEN\u00c7\u00c3O: As cores est\u00e3o apenas exemplificadas, podendo variar de acordo com as configura\u00e7\u00f5es de sua tela\/monitor. H\u00e1 cores transparentes e leitosas\/opacas. Em caso de d\u00favidas, consulte um vendedor(a).  SELECIONE AS CORES ESCOLHIDAS NAS BARRAS DE SELE\u00c7\u00c3O ANTES DE ADICIONAR AO CARRINHO.    01 Chapa, 02 Cores, V\u00e1rios Projetos!  As Chapas de ABS possuem duas camadas com cores diferentes. Durante a grava\u00e7\u00e3o, a camada frontal \u00e9 desgastada, revelando a cor de fundo. Assim voc\u00ea pode usar sua imagina\u00e7\u00e3o para criar pe\u00e7as de 02 cores utilizando 01 Chapa s\u00f3!    O ABS dupla camada \u00e9 um material resultante da mistura de componentes como Acr\u00edlico e Aditivos. Desenvolvido para o mercado de corte a laser, \u00e9 leve e resistente, o que o torna ainda mais vers\u00e1til. Al\u00e9m disso, pode ser utilizado em ambiente interno e externo.        As Chapas de ABS podem ser cortadas e gravadas em laser, fiber e router.       PARA GRAVAR O ABS \u00c9 NECESS\u00c1RIO REMOVER A PEL\u00cdCULA ANTES.    &nbsp;  Medida da Chapa: 1200x600mm - Espessura 1,3mm. IMPORTANTE: Para evitar quebras no envio, a Chapa ir\u00e1 cortada em 03 (tr\u00eas) partes iguais de 400x600mm.    &nbsp;  Com o diferencial da dupla camada, as possibilidades de cria\u00e7\u00e3o com as nossas Chapas de ABS s\u00e3o infinitas!!!  Explore sua criatividade com nossas Chapas de ABS!","og_url":"https:\/\/www.lojadacentral.com.br\/?product=abs-dupla-camada","og_site_name":"Loja da Central","article_modified_time":"2026-02-26T18:41:15+00:00","og_image":[{"width":1080,"height":1349,"url":"https:\/\/www.lojadacentral.com.br\/wp-content\/uploads\/2024\/10\/ABS-05-Central-do-Acrilico.png","type":"image\/png"}],"twitter_card":"summary_large_image","twitter_misc":{"Est. tempo de leitura":"1 minuto"},"schema":{"@context":"https:\/\/schema.org","@graph":[{"@type":"WebPage","@id":"https:\/\/www.lojadacentral.com.br\/?product=abs-dupla-camada","url":"https:\/\/www.lojadacentral.com.br\/?product=abs-dupla-camada","name":"ABS Dupla Camada - Loja da Central","isPartOf":{"@id":"https:\/\/www.lojadacentral.com.br\/#website"},"primaryImageOfPage":{"@id":"https:\/\/www.lojadacentral.com.br\/?product=abs-dupla-camada#primaryimage"},"image":{"@id":"https:\/\/www.lojadacentral.com.br\/?product=abs-dupla-camada#primaryimage"},"thumbnailUrl":"https:\/\/www.lojadacentral.com.br\/wp-content\/uploads\/2024\/10\/ABS-05-Central-do-Acrilico.png","datePublished":"2024-08-16T11:58:44+00:00","dateModified":"2026-02-26T18:41:15+00:00","breadcrumb":{"@id":"https:\/\/www.lojadacentral.com.br\/?product=abs-dupla-camada#breadcrumb"},"inLanguage":"pt-BR","potentialAction":[{"@type":"ReadAction","target":["https:\/\/www.lojadacentral.com.br\/?product=abs-dupla-camada"]}]},{"@type":"ImageObject","inLanguage":"pt-BR","@id":"https:\/\/www.lojadacentral.com.br\/?product=abs-dupla-camada#primaryimage","url":"https:\/\/www.lojadacentral.com.br\/wp-content\/uploads\/2024\/10\/ABS-05-Central-do-Acrilico.png","contentUrl":"https:\/\/www.lojadacentral.com.br\/wp-content\/uploads\/2024\/10\/ABS-05-Central-do-Acrilico.png","width":1080,"height":1349},{"@type":"BreadcrumbList","@id":"https:\/\/www.lojadacentral.com.br\/?product=abs-dupla-camada#breadcrumb","itemListElement":[{"@type":"ListItem","position":1,"name":"In\u00edcio","item":"https:\/\/www.lojadacentral.com.br\/"},{"@type":"ListItem","position":2,"name":"Home","item":"https:\/\/www.lojadacentral.com.br\/"},{"@type":"ListItem","position":3,"name":"ABS Dupla Camada"}]},{"@type":"WebSite","@id":"https:\/\/www.lojadacentral.com.br\/#website","url":"https:\/\/www.lojadacentral.com.br\/","name":"Loja da Central =)","description":"Os materiais da Central Do Acr\u00edlico que voc\u00ea j\u00e1 conhece e confia agora dispon\u00edveis online na loja da Central. Compre e receba em sua casa!","publisher":{"@id":"https:\/\/www.lojadacentral.com.br\/#organization"},"potentialAction":[{"@type":"SearchAction","target":{"@type":"EntryPoint","urlTemplate":"https:\/\/www.lojadacentral.com.br\/?s={search_term_string}"},"query-input":{"@type":"PropertyValueSpecification","valueRequired":true,"valueName":"search_term_string"}}],"inLanguage":"pt-BR"},{"@type":"Organization","@id":"https:\/\/www.lojadacentral.com.br\/#organization","name":"Central Do Acr\u00edlico","url":"https:\/\/www.lojadacentral.com.br\/","logo":{"@type":"ImageObject","inLanguage":"pt-BR","@id":"https:\/\/www.lojadacentral.com.br\/#\/schema\/logo\/image\/","url":"https:\/\/www.lojadacentral.com.br\/wp-content\/uploads\/2024\/02\/Logo-Central-PNG.png","contentUrl":"https:\/\/www.lojadacentral.com.br\/wp-content\/uploads\/2024\/02\/Logo-Central-PNG.png","width":3891,"height":700,"caption":"Central Do Acr\u00edlico"},"image":{"@id":"https:\/\/www.lojadacentral.com.br\/#\/schema\/logo\/image\/"},"sameAs":["https:\/\/www.instagram.com\/centraldoacrilico\/"]}]}},"_links":{"self":[{"href":"https:\/\/www.lojadacentral.com.br\/index.php?rest_route=\/wp\/v2\/product\/3109","targetHints":{"allow":["GET"]}}],"collection":[{"href":"https:\/\/www.lojadacentral.com.br\/index.php?rest_route=\/wp\/v2\/product"}],"about":[{"href":"https:\/\/www.lojadacentral.com.br\/index.php?rest_route=\/wp\/v2\/types\/product"}],"wp:featuredmedia":[{"embeddable":true,"href":"https:\/\/www.lojadacentral.com.br\/index.php?rest_route=\/wp\/v2\/media\/5717"}],"wp:attachment":[{"href":"https:\/\/www.lojadacentral.com.br\/index.php?rest_route=%2Fwp%2Fv2%2Fmedia&parent=3109"}],"wp:term":[{"taxonomy":"product_brand","embeddable":true,"href":"https:\/\/www.lojadacentral.com.br\/index.php?rest_route=%2Fwp%2Fv2%2Fproduct_brand&post=3109"},{"taxonomy":"product_cat","embeddable":true,"href":"https:\/\/www.lojadacentral.com.br\/index.php?rest_route=%2Fwp%2Fv2%2Fproduct_cat&post=3109"},{"taxonomy":"product_tag","embeddable":true,"href":"https:\/\/www.lojadacentral.com.br\/index.php?rest_route=%2Fwp%2Fv2%2Fproduct_tag&post=3109"}],"curies":[{"name":"wp","href":"https:\/\/api.w.org\/{rel}","templated":true}]}}